{"id":7680,"date":"2024-11-11T11:20:00","date_gmt":"2024-11-11T11:20:00","guid":{"rendered":"https:\/\/avlo-deerlijk.be\/?post_type=product&#038;p=361"},"modified":"2025-06-08T20:19:32","modified_gmt":"2025-06-08T20:19:32","slug":"patee-aux-oeufs-rouge-seche-1kg","status":"publish","type":"product","link":"https:\/\/avlo-deerlijk.be\/?product=patee-aux-oeufs-rouge-seche-1kg&lang=fr","title":{"rendered":"P\u00e2t\u00e9e aux \u0153ufs rouge s\u00e8che (1kg)"},"content":{"rendered":"<p><b>P\u00e2t\u00e9e aux \u0153ufs avec colorant rouge pour canaris, oiseaux domestiques et tropicaux<\/b><\/p>\n<p>Contient tous les ingr\u00e9dients n\u00e9cessaires aux oiseaux jeunes et adultes pendant la croissance et la mue.<\/p>\n<ul>\n<li>Contient 75 mg\/kg de canthaxanthine pour une belle couleur rouge.<\/li>\n<li>Absorption compl\u00e8te gr\u00e2ce \u00e0 son go\u00fbt d\u00e9licieux et \u00e0 sa structure adapt\u00e9e \u00e0 l&#8217;esp\u00e8ce.<\/li>\n<li>Avec suppl\u00e9ment de lysine et de m\u00e9thionine, pour une croissance et un d\u00e9veloppement du plumage optimaux.<\/li>\n<li>1 kg<\/li>\n<\/ul>\n<div class=\"row\">\n<div class=\"col-12\">\n<div class=\"rich-text\">\n<p><strong>Mode d&#8217;emploi<\/strong><\/p>\n<p>Donner jusqu&#8217;\u00e0 25 % de la ration quotidienne. Nourrir quotidiennement pendant la mue et la croissance, et 2 \u00e0 3 fois par semaine le reste de l&#8217;ann\u00e9e.<br \/>\nPour obtenir un plumage uniforme et d&#8217;un rouge profond, il est recommand\u00e9 de m\u00e9langer du Can-Tax d&#8217;Oropharma \u00e0 la p\u00e2t\u00e9e et\/ou \u00e0 l&#8217;eau de boisson pendant la croissance et la mue.<\/p>\n<p>Ajouter quelques gouttes d&#8217;eau, des graines germ\u00e9es, etc.<\/p>\n<p><strong style=\"font-family: var(--global-body-font-family);\">Conseils<\/strong><br \/>\n&#8230;<\/p>\n","protected":false},"excerpt":{"rendered":"<p>P\u00e2t\u00e9e aux \u0153ufs avec colorant rouge pour canaris, oiseaux domestiques et tropicaux Contient tous les ingr\u00e9dients n\u00e9cessaires aux oiseaux jeunes et adultes pendant la croissance et la mue. Contient 75 mg\/kg de canthaxanthine pour une belle couleur rouge. Absorption compl\u00e8te gr\u00e2ce \u00e0 son go\u00fbt d\u00e9licieux et \u00e0 sa structure adapt\u00e9e \u00e0 l&#8217;esp\u00e8ce. Avec suppl\u00e9ment de&#8230;<\/p>\n","protected":false},"featured_media":3617,"comment_status":"open","ping_status":"closed","template":"","meta":{"_uag_custom_page_level_css":"","_kad_post_transparent":"default","_kad_post_title":"","_kad_post_layout":"default","_kad_post_sidebar_id":"","_kad_post_content_style":"default","_kad_post_vertical_padding":"default","_kad_post_feature":"","_kad_post_feature_position":"","_kad_post_header":false,"_kad_post_footer":false,"_kad_post_classname":""},"product_brand":[],"product_cat":[333],"product_tag":[],"class_list":{"0":"post-7680","1":"product","2":"type-product","3":"status-publish","4":"has-post-thumbnail","6":"product_cat-patee-aux-oeufs","7":"product_shipping_class-lichte-pakketten","9":"first","10":"instock","11":"taxable","12":"shipping-taxable","13":"purchasable","14":"product-type-simple","15":"entry","16":"content-bg","17":"loop-entry"},"uagb_featured_image_src":{"full":["https:\/\/avlo-deerlijk.be\/wp-content\/uploads\/2024\/11\/Versele-Laga-Eivoer-rood.png",1755,1755,false],"thumbnail":["https:\/\/avlo-deerlijk.be\/wp-content\/uploads\/2024\/11\/Versele-Laga-Eivoer-rood-50x50.png",50,50,true],"medium":["https:\/\/avlo-deerlijk.be\/wp-content\/uploads\/2024\/11\/Versele-Laga-Eivoer-rood-300x300.png",300,300,true],"medium_large":["https:\/\/avlo-deerlijk.be\/wp-content\/uploads\/2024\/11\/Versele-Laga-Eivoer-rood-768x768.png",768,768,true],"large":["https:\/\/avlo-deerlijk.be\/wp-content\/uploads\/2024\/11\/Versele-Laga-Eivoer-rood-1024x1024.png",1024,1024,true],"1536x1536":["https:\/\/avlo-deerlijk.be\/wp-content\/uploads\/2024\/11\/Versele-Laga-Eivoer-rood-1536x1536.png",1536,1536,true],"2048x2048":["https:\/\/avlo-deerlijk.be\/wp-content\/uploads\/2024\/11\/Versele-Laga-Eivoer-rood.png",1755,1755,false],"woocommerce_thumbnail":["https:\/\/avlo-deerlijk.be\/wp-content\/uploads\/2024\/11\/Versele-Laga-Eivoer-rood-600x600.png",600,600,true],"woocommerce_single":["https:\/\/avlo-deerlijk.be\/wp-content\/uploads\/2024\/11\/Versele-Laga-Eivoer-rood-600x600.png",600,600,true],"woocommerce_gallery_thumbnail":["https:\/\/avlo-deerlijk.be\/wp-content\/uploads\/2024\/11\/Versele-Laga-Eivoer-rood-100x100.png",100,100,true]},"uagb_author_info":{"display_name":"admin","author_link":"https:\/\/avlo-deerlijk.be\/?author=0"},"uagb_comment_info":0,"uagb_excerpt":"P\u00e2t\u00e9e aux \u0153ufs avec colorant rouge pour canaris, oiseaux domestiques et tropicaux Contient tous les ingr\u00e9dients n\u00e9cessaires aux oiseaux jeunes et adultes pendant la croissance et la mue. Contient 75 mg\/kg de canthaxanthine pour une belle couleur rouge. Absorption compl\u00e8te gr\u00e2ce \u00e0 son go\u00fbt d\u00e9licieux et \u00e0 sa structure adapt\u00e9e \u00e0 l&#8217;esp\u00e8ce. Avec suppl\u00e9ment de...","pll_sync_post":{},"lang":"fr","translations":{"fr":7680,"nl":361},"_links":{"self":[{"href":"https:\/\/avlo-deerlijk.be\/index.php?rest_route=\/wp\/v2\/product\/7680","targetHints":{"allow":["GET"]}}],"collection":[{"href":"https:\/\/avlo-deerlijk.be\/index.php?rest_route=\/wp\/v2\/product"}],"about":[{"href":"https:\/\/avlo-deerlijk.be\/index.php?rest_route=\/wp\/v2\/types\/product"}],"replies":[{"embeddable":true,"href":"https:\/\/avlo-deerlijk.be\/index.php?rest_route=%2Fwp%2Fv2%2Fcomments&post=7680"}],"wp:featuredmedia":[{"embeddable":true,"href":"https:\/\/avlo-deerlijk.be\/index.php?rest_route=\/wp\/v2\/media\/3617"}],"wp:attachment":[{"href":"https:\/\/avlo-deerlijk.be\/index.php?rest_route=%2Fwp%2Fv2%2Fmedia&parent=7680"}],"wp:term":[{"taxonomy":"product_brand","embeddable":true,"href":"https:\/\/avlo-deerlijk.be\/index.php?rest_route=%2Fwp%2Fv2%2Fproduct_brand&post=7680"},{"taxonomy":"product_cat","embeddable":true,"href":"https:\/\/avlo-deerlijk.be\/index.php?rest_route=%2Fwp%2Fv2%2Fproduct_cat&post=7680"},{"taxonomy":"product_tag","embeddable":true,"href":"https:\/\/avlo-deerlijk.be\/index.php?rest_route=%2Fwp%2Fv2%2Fproduct_tag&post=7680"}],"curies":[{"name":"wp","href":"https:\/\/api.w.org\/{rel}","templated":true}]}}