{"id":6529,"date":"2025-01-11T13:26:07","date_gmt":"2025-01-11T13:26:07","guid":{"rendered":"https:\/\/avlo-deerlijk.be\/?post_type=product&#038;p=2765"},"modified":"2025-06-08T20:15:58","modified_gmt":"2025-06-08T20:15:58","slug":"benelux-grands-crochets-metalliques-pour-bain-benelux","status":"publish","type":"product","link":"https:\/\/avlo-deerlijk.be\/?product=benelux-grands-crochets-metalliques-pour-bain-benelux&lang=fr","title":{"rendered":"Benelux &#8211; GRANDS CROCHETS M\u00c9TALLIQUES POUR BAIN BENELUX"},"content":{"rendered":"<p>Ce bain en m\u00e9tal spacieux, dot\u00e9 de crochets pratiques, fabriqu\u00e9 au Benelux, est un accessoire indispensable pour les oiseaux d&#8217;ornement. Gr\u00e2ce \u00e0 sa construction robuste et \u00e0 son design pratique, il offre un espace confortable et s\u00fbr pour se baigner et jouer.<\/p>\n<p>Les crochets m\u00e9talliques permettent de suspendre facilement le bain dans la cage ou la voli\u00e8re, ce qui le rend peu encombrant et facilement accessible aux oiseaux. Sa grande taille permet aux oiseaux de grande taille de profiter d&#8217;un bain rafra\u00eechissant.<\/p>\n<p>Gr\u00e2ce \u00e0 ce bain, les oiseaux d&#8217;ornement peuvent nettoyer et hydrater leurs plumes de mani\u00e8re naturelle, contribuant ainsi \u00e0 leur sant\u00e9 et \u00e0 leur bien-\u00eatre. De plus, des bains r\u00e9guliers garantissent un plumage brillant et soign\u00e9.<\/p>\n<p>Offrez \u00e0 vos amis \u00e0 plumes un bain rafra\u00eechissant gr\u00e2ce \u00e0 ce bain en m\u00e9tal de haute qualit\u00e9 fabriqu\u00e9 au Benelux. Enrichissez leur environnement et stimulez leur comportement naturel gr\u00e2ce \u00e0 cet accessoire pratique et durable. <\/p>\n<p><strong>Ajoutez d\u00e8s aujourd&#8217;hui le bain Benelux \u00e0 l&#8217;habitat de vos oiseaux d&#8217;ornement et regardez-les rayonner de joie et de vitalit\u00e9\u00a0!<\/strong><\/p>\n","protected":false},"excerpt":{"rendered":"<p>Ce bain en m\u00e9tal spacieux, dot\u00e9 de crochets pratiques, fabriqu\u00e9 au Benelux, est un accessoire indispensable pour les oiseaux d&#8217;ornement. Gr\u00e2ce \u00e0 sa construction robuste et \u00e0 son design pratique, il offre un espace confortable et s\u00fbr pour se baigner et jouer. Les crochets m\u00e9talliques permettent de suspendre facilement le bain dans la cage ou&#8230;<\/p>\n","protected":false},"featured_media":2766,"comment_status":"open","ping_status":"closed","template":"","meta":{"_uag_custom_page_level_css":"","_kad_post_transparent":"default","_kad_post_title":"","_kad_post_layout":"default","_kad_post_sidebar_id":"","_kad_post_content_style":"default","_kad_post_vertical_padding":"default","_kad_post_feature":"","_kad_post_feature_position":"","_kad_post_header":false,"_kad_post_footer":false,"_kad_post_classname":""},"product_brand":[557],"product_cat":[401,377],"product_tag":[],"class_list":{"0":"post-6529","1":"product","2":"type-product","3":"status-publish","4":"has-post-thumbnail","6":"product_brand-benelux___fr","7":"product_cat-autres-accessoires","8":"product_cat-materiel-dabreuvement","9":"product_shipping_class-lichte-pakketten","11":"first","12":"instock","13":"taxable","14":"shipping-taxable","15":"purchasable","16":"product-type-simple","17":"entry","18":"content-bg","19":"loop-entry"},"uagb_featured_image_src":{"full":["https:\/\/avlo-deerlijk.be\/wp-content\/uploads\/2025\/01\/BADJE-BENELUX-GROOT-METALEN-HAAKJES.jpg",800,800,false],"thumbnail":["https:\/\/avlo-deerlijk.be\/wp-content\/uploads\/2025\/01\/BADJE-BENELUX-GROOT-METALEN-HAAKJES-50x50.jpg",50,50,true],"medium":["https:\/\/avlo-deerlijk.be\/wp-content\/uploads\/2025\/01\/BADJE-BENELUX-GROOT-METALEN-HAAKJES-300x300.jpg",300,300,true],"medium_large":["https:\/\/avlo-deerlijk.be\/wp-content\/uploads\/2025\/01\/BADJE-BENELUX-GROOT-METALEN-HAAKJES-768x768.jpg",768,768,true],"large":["https:\/\/avlo-deerlijk.be\/wp-content\/uploads\/2025\/01\/BADJE-BENELUX-GROOT-METALEN-HAAKJES.jpg",800,800,false],"1536x1536":["https:\/\/avlo-deerlijk.be\/wp-content\/uploads\/2025\/01\/BADJE-BENELUX-GROOT-METALEN-HAAKJES.jpg",800,800,false],"2048x2048":["https:\/\/avlo-deerlijk.be\/wp-content\/uploads\/2025\/01\/BADJE-BENELUX-GROOT-METALEN-HAAKJES.jpg",800,800,false],"woocommerce_thumbnail":["https:\/\/avlo-deerlijk.be\/wp-content\/uploads\/2025\/01\/BADJE-BENELUX-GROOT-METALEN-HAAKJES-600x600.jpg",600,600,true],"woocommerce_single":["https:\/\/avlo-deerlijk.be\/wp-content\/uploads\/2025\/01\/BADJE-BENELUX-GROOT-METALEN-HAAKJES-600x600.jpg",600,600,true],"woocommerce_gallery_thumbnail":["https:\/\/avlo-deerlijk.be\/wp-content\/uploads\/2025\/01\/BADJE-BENELUX-GROOT-METALEN-HAAKJES-100x100.jpg",100,100,true]},"uagb_author_info":{"display_name":"admin","author_link":"https:\/\/avlo-deerlijk.be\/?author=0"},"uagb_comment_info":0,"uagb_excerpt":"Ce bain en m\u00e9tal spacieux, dot\u00e9 de crochets pratiques, fabriqu\u00e9 au Benelux, est un accessoire indispensable pour les oiseaux d&#8217;ornement. Gr\u00e2ce \u00e0 sa construction robuste et \u00e0 son design pratique, il offre un espace confortable et s\u00fbr pour se baigner et jouer. Les crochets m\u00e9talliques permettent de suspendre facilement le bain dans la cage ou...","pll_sync_post":{},"lang":"fr","translations":{"fr":6529,"nl":2765},"_links":{"self":[{"href":"https:\/\/avlo-deerlijk.be\/index.php?rest_route=\/wp\/v2\/product\/6529","targetHints":{"allow":["GET"]}}],"collection":[{"href":"https:\/\/avlo-deerlijk.be\/index.php?rest_route=\/wp\/v2\/product"}],"about":[{"href":"https:\/\/avlo-deerlijk.be\/index.php?rest_route=\/wp\/v2\/types\/product"}],"replies":[{"embeddable":true,"href":"https:\/\/avlo-deerlijk.be\/index.php?rest_route=%2Fwp%2Fv2%2Fcomments&post=6529"}],"wp:featuredmedia":[{"embeddable":true,"href":"https:\/\/avlo-deerlijk.be\/index.php?rest_route=\/wp\/v2\/media\/2766"}],"wp:attachment":[{"href":"https:\/\/avlo-deerlijk.be\/index.php?rest_route=%2Fwp%2Fv2%2Fmedia&parent=6529"}],"wp:term":[{"taxonomy":"product_brand","embeddable":true,"href":"https:\/\/avlo-deerlijk.be\/index.php?rest_route=%2Fwp%2Fv2%2Fproduct_brand&post=6529"},{"taxonomy":"product_cat","embeddable":true,"href":"https:\/\/avlo-deerlijk.be\/index.php?rest_route=%2Fwp%2Fv2%2Fproduct_cat&post=6529"},{"taxonomy":"product_tag","embeddable":true,"href":"https:\/\/avlo-deerlijk.be\/index.php?rest_route=%2Fwp%2Fv2%2Fproduct_tag&post=6529"}],"curies":[{"name":"wp","href":"https:\/\/api.w.org\/{rel}","templated":true}]}}