{"id":6230,"date":"2025-05-14T13:20:44","date_gmt":"2025-05-14T13:20:44","guid":{"rendered":"https:\/\/avlo-deerlijk.be\/?post_type=product&#038;p=5885"},"modified":"2025-06-08T20:19:49","modified_gmt":"2025-06-08T20:19:49","slug":"expert-patee-aux-oeufs-nouvelle-generation-10-kg","status":"publish","type":"product","link":"https:\/\/avlo-deerlijk.be\/?product=expert-patee-aux-oeufs-nouvelle-generation-10-kg&lang=fr","title":{"rendered":"EXPERT P\u00e2t\u00e9e aux \u0153ufs Nouvelle G\u00e9n\u00e9ration (10 kg)"},"content":{"rendered":"<p>Aliment compl\u00e9mentaire en vrac pr\u00eat \u00e0 l&#8217;emploi, riche en prot\u00e9ines, pour tous les oiseaux granivores.<\/p>\n<p>La p\u00e2t\u00e9e aux \u0153ufs Next Generation est bas\u00e9e sur la c\u00e9l\u00e8bre p\u00e2t\u00e9e aux \u0153ufs en vrac de Witte Molen. Elle ne contient ni colorants ni conservateurs artificiels. Elle contient de la levure de bi\u00e8re, ce qui lui conf\u00e8re un apport suppl\u00e9mentaire en vitamines et min\u00e9raux. Sa teneur en prot\u00e9ines d\u00e9passe 14 %. La p\u00e2t\u00e9e aux \u0153ufs peut \u00eatre donn\u00e9e telle quelle, mais peut \u00e9galement \u00eatre m\u00e9lang\u00e9e \u00e0 d&#8217;autres p\u00e2t\u00e9es aux \u0153ufs ou, par exemple, \u00e0 des graines germ\u00e9es. <\/p>\n<p>Sp\u00e9cifications<\/p>\n<ul>\n<li>Haute tol\u00e9rance<\/li>\n<li>Avec acides amin\u00e9s ajout\u00e9s<\/li>\n<li>Pr\u00eat \u00e0 l&#8217;emploi<\/li>\n<li>Id\u00e9al pendant la mue et la reproduction<\/li>\n<li>Contribue \u00e0 une croissance et un d\u00e9veloppement du plumage optimaux<\/li>\n<li>10 kg<\/li>\n<\/ul>\n<p><strong>Mode d&#8217;emploi<\/strong><\/p>\n<p>La p\u00e2t\u00e9e aux \u0153ufs peut \u00eatre donn\u00e9e aux oiseaux (avec mod\u00e9ration) toute l&#8217;ann\u00e9e, mais peut \u00eatre donn\u00e9e quotidiennement pendant la mue et la reproduction (25 % de la ration). Veillez \u00e0 ce que les oiseaux ne prennent pas trop de poids pendant la p\u00e9riode de repos.<\/p>\n","protected":false},"excerpt":{"rendered":"<p>Aliment compl\u00e9mentaire en vrac pr\u00eat \u00e0 l&#8217;emploi, riche en prot\u00e9ines, pour tous les oiseaux granivores. La p\u00e2t\u00e9e aux \u0153ufs Next Generation est bas\u00e9e sur la c\u00e9l\u00e8bre p\u00e2t\u00e9e aux \u0153ufs en vrac de Witte Molen. Elle ne contient ni colorants ni conservateurs artificiels. Elle contient de la levure de bi\u00e8re, ce qui lui conf\u00e8re un apport&#8230;<\/p>\n","protected":false},"featured_media":5886,"comment_status":"open","ping_status":"closed","template":"","meta":{"_uag_custom_page_level_css":"","_kad_post_transparent":"default","_kad_post_title":"","_kad_post_layout":"default","_kad_post_sidebar_id":"","_kad_post_content_style":"default","_kad_post_vertical_padding":"default","_kad_post_feature":"","_kad_post_feature_position":"","_kad_post_header":false,"_kad_post_footer":false,"_kad_post_classname":""},"product_brand":[],"product_cat":[333],"product_tag":[],"class_list":{"0":"post-6230","1":"product","2":"type-product","3":"status-publish","4":"has-post-thumbnail","6":"product_cat-patee-aux-oeufs","7":"product_shipping_class-extra-zware-pakketten","9":"first","10":"instock","11":"taxable","12":"shipping-taxable","13":"purchasable","14":"product-type-simple","15":"entry","16":"content-bg","17":"loop-entry"},"uagb_featured_image_src":{"full":["https:\/\/avlo-deerlijk.be\/wp-content\/uploads\/2025\/05\/Laroy-EXPERT-Eivoer-Next-Generation.jpg",1080,1080,false],"thumbnail":["https:\/\/avlo-deerlijk.be\/wp-content\/uploads\/2025\/05\/Laroy-EXPERT-Eivoer-Next-Generation-50x50.jpg",50,50,true],"medium":["https:\/\/avlo-deerlijk.be\/wp-content\/uploads\/2025\/05\/Laroy-EXPERT-Eivoer-Next-Generation-300x300.jpg",300,300,true],"medium_large":["https:\/\/avlo-deerlijk.be\/wp-content\/uploads\/2025\/05\/Laroy-EXPERT-Eivoer-Next-Generation-768x768.jpg",768,768,true],"large":["https:\/\/avlo-deerlijk.be\/wp-content\/uploads\/2025\/05\/Laroy-EXPERT-Eivoer-Next-Generation-1024x1024.jpg",1024,1024,true],"1536x1536":["https:\/\/avlo-deerlijk.be\/wp-content\/uploads\/2025\/05\/Laroy-EXPERT-Eivoer-Next-Generation.jpg",1080,1080,false],"2048x2048":["https:\/\/avlo-deerlijk.be\/wp-content\/uploads\/2025\/05\/Laroy-EXPERT-Eivoer-Next-Generation.jpg",1080,1080,false],"woocommerce_thumbnail":["https:\/\/avlo-deerlijk.be\/wp-content\/uploads\/2025\/05\/Laroy-EXPERT-Eivoer-Next-Generation-600x600.jpg",600,600,true],"woocommerce_single":["https:\/\/avlo-deerlijk.be\/wp-content\/uploads\/2025\/05\/Laroy-EXPERT-Eivoer-Next-Generation-600x600.jpg",600,600,true],"woocommerce_gallery_thumbnail":["https:\/\/avlo-deerlijk.be\/wp-content\/uploads\/2025\/05\/Laroy-EXPERT-Eivoer-Next-Generation-100x100.jpg",100,100,true]},"uagb_author_info":{"display_name":"admin","author_link":"https:\/\/avlo-deerlijk.be\/?author=0"},"uagb_comment_info":0,"uagb_excerpt":"Aliment compl\u00e9mentaire en vrac pr\u00eat \u00e0 l&#8217;emploi, riche en prot\u00e9ines, pour tous les oiseaux granivores. La p\u00e2t\u00e9e aux \u0153ufs Next Generation est bas\u00e9e sur la c\u00e9l\u00e8bre p\u00e2t\u00e9e aux \u0153ufs en vrac de Witte Molen. Elle ne contient ni colorants ni conservateurs artificiels. Elle contient de la levure de bi\u00e8re, ce qui lui conf\u00e8re un apport...","pll_sync_post":{},"lang":"fr","translations":{"fr":6230,"nl":5885},"_links":{"self":[{"href":"https:\/\/avlo-deerlijk.be\/index.php?rest_route=\/wp\/v2\/product\/6230","targetHints":{"allow":["GET"]}}],"collection":[{"href":"https:\/\/avlo-deerlijk.be\/index.php?rest_route=\/wp\/v2\/product"}],"about":[{"href":"https:\/\/avlo-deerlijk.be\/index.php?rest_route=\/wp\/v2\/types\/product"}],"replies":[{"embeddable":true,"href":"https:\/\/avlo-deerlijk.be\/index.php?rest_route=%2Fwp%2Fv2%2Fcomments&post=6230"}],"wp:featuredmedia":[{"embeddable":true,"href":"https:\/\/avlo-deerlijk.be\/index.php?rest_route=\/wp\/v2\/media\/5886"}],"wp:attachment":[{"href":"https:\/\/avlo-deerlijk.be\/index.php?rest_route=%2Fwp%2Fv2%2Fmedia&parent=6230"}],"wp:term":[{"taxonomy":"product_brand","embeddable":true,"href":"https:\/\/avlo-deerlijk.be\/index.php?rest_route=%2Fwp%2Fv2%2Fproduct_brand&post=6230"},{"taxonomy":"product_cat","embeddable":true,"href":"https:\/\/avlo-deerlijk.be\/index.php?rest_route=%2Fwp%2Fv2%2Fproduct_cat&post=6230"},{"taxonomy":"product_tag","embeddable":true,"href":"https:\/\/avlo-deerlijk.be\/index.php?rest_route=%2Fwp%2Fv2%2Fproduct_tag&post=6230"}],"curies":[{"name":"wp","href":"https:\/\/api.w.org\/{rel}","templated":true}]}}