{"id":6218,"date":"2025-05-17T16:15:53","date_gmt":"2025-05-17T16:15:53","guid":{"rendered":"https:\/\/avlo-deerlijk.be\/?post_type=product&#038;p=5916"},"modified":"2025-06-08T20:18:44","modified_gmt":"2025-06-08T20:18:44","slug":"deli-nature-91-oiseaux-europeens-20-kg","status":"publish","type":"product","link":"https:\/\/avlo-deerlijk.be\/?product=deli-nature-91-oiseaux-europeens-20-kg&lang=fr","title":{"rendered":"Deli Nature &#8211; 91 oiseaux europ\u00e9ens (20 kg)"},"content":{"rendered":"<ul>\n<li>M\u00e9lange id\u00e9al pour les petites esp\u00e8ces d&#8217;oiseaux europ\u00e9ens (tarins des aulnes, linottes, pinsons, etc.).<\/li>\n<li>Composition raffin\u00e9e avec une grande vari\u00e9t\u00e9 de petites graines (alpiste, niger, colza, etc.).<\/li>\n<li>Disponible en 20 kg<\/li>\n<\/ul>\n","protected":false},"excerpt":{"rendered":"<p>M\u00e9lange id\u00e9al pour les petites esp\u00e8ces d&#8217;oiseaux europ\u00e9ens (tarins des aulnes, linottes, pinsons, etc.). Composition raffin\u00e9e avec une grande vari\u00e9t\u00e9 de petites graines (alpiste, niger, colza, etc.). Disponible en 20 kg<\/p>\n","protected":false},"featured_media":5789,"comment_status":"open","ping_status":"closed","template":"","meta":{"_uag_custom_page_level_css":"","_kad_post_transparent":"default","_kad_post_title":"","_kad_post_layout":"default","_kad_post_sidebar_id":"","_kad_post_content_style":"default","_kad_post_vertical_padding":"default","_kad_post_feature":"","_kad_post_feature_position":"","_kad_post_header":false,"_kad_post_footer":false,"_kad_post_classname":""},"product_brand":[494],"product_cat":[329],"product_tag":[],"class_list":{"0":"post-6218","1":"product","2":"type-product","3":"status-publish","4":"has-post-thumbnail","6":"product_brand-deli-nature___fr","7":"product_cat-oiseaux-europeens-fr","8":"product_shipping_class-enkel-afhalen","10":"first","11":"instock","12":"taxable","13":"shipping-taxable","14":"purchasable","15":"product-type-simple","16":"entry","17":"content-bg","18":"loop-entry"},"uagb_featured_image_src":{"full":["https:\/\/avlo-deerlijk.be\/wp-content\/uploads\/2025\/03\/Europese-Vogels-zonder-Raapzaad-2.png",900,900,false],"thumbnail":["https:\/\/avlo-deerlijk.be\/wp-content\/uploads\/2025\/03\/Europese-Vogels-zonder-Raapzaad-2-50x50.png",50,50,true],"medium":["https:\/\/avlo-deerlijk.be\/wp-content\/uploads\/2025\/03\/Europese-Vogels-zonder-Raapzaad-2-300x300.png",300,300,true],"medium_large":["https:\/\/avlo-deerlijk.be\/wp-content\/uploads\/2025\/03\/Europese-Vogels-zonder-Raapzaad-2-768x768.png",768,768,true],"large":["https:\/\/avlo-deerlijk.be\/wp-content\/uploads\/2025\/03\/Europese-Vogels-zonder-Raapzaad-2.png",900,900,false],"1536x1536":["https:\/\/avlo-deerlijk.be\/wp-content\/uploads\/2025\/03\/Europese-Vogels-zonder-Raapzaad-2.png",900,900,false],"2048x2048":["https:\/\/avlo-deerlijk.be\/wp-content\/uploads\/2025\/03\/Europese-Vogels-zonder-Raapzaad-2.png",900,900,false],"woocommerce_thumbnail":["https:\/\/avlo-deerlijk.be\/wp-content\/uploads\/2025\/03\/Europese-Vogels-zonder-Raapzaad-2-600x600.png",600,600,true],"woocommerce_single":["https:\/\/avlo-deerlijk.be\/wp-content\/uploads\/2025\/03\/Europese-Vogels-zonder-Raapzaad-2-600x600.png",600,600,true],"woocommerce_gallery_thumbnail":["https:\/\/avlo-deerlijk.be\/wp-content\/uploads\/2025\/03\/Europese-Vogels-zonder-Raapzaad-2-100x100.png",100,100,true]},"uagb_author_info":{"display_name":"admin","author_link":"https:\/\/avlo-deerlijk.be\/?author=0"},"uagb_comment_info":0,"uagb_excerpt":"M\u00e9lange id\u00e9al pour les petites esp\u00e8ces d&#8217;oiseaux europ\u00e9ens (tarins des aulnes, linottes, pinsons, etc.). Composition raffin\u00e9e avec une grande vari\u00e9t\u00e9 de petites graines (alpiste, niger, colza, etc.). Disponible en 20 kg","pll_sync_post":{},"lang":"fr","translations":{"fr":6218,"nl":5916},"_links":{"self":[{"href":"https:\/\/avlo-deerlijk.be\/index.php?rest_route=\/wp\/v2\/product\/6218","targetHints":{"allow":["GET"]}}],"collection":[{"href":"https:\/\/avlo-deerlijk.be\/index.php?rest_route=\/wp\/v2\/product"}],"about":[{"href":"https:\/\/avlo-deerlijk.be\/index.php?rest_route=\/wp\/v2\/types\/product"}],"replies":[{"embeddable":true,"href":"https:\/\/avlo-deerlijk.be\/index.php?rest_route=%2Fwp%2Fv2%2Fcomments&post=6218"}],"wp:featuredmedia":[{"embeddable":true,"href":"https:\/\/avlo-deerlijk.be\/index.php?rest_route=\/wp\/v2\/media\/5789"}],"wp:attachment":[{"href":"https:\/\/avlo-deerlijk.be\/index.php?rest_route=%2Fwp%2Fv2%2Fmedia&parent=6218"}],"wp:term":[{"taxonomy":"product_brand","embeddable":true,"href":"https:\/\/avlo-deerlijk.be\/index.php?rest_route=%2Fwp%2Fv2%2Fproduct_brand&post=6218"},{"taxonomy":"product_cat","embeddable":true,"href":"https:\/\/avlo-deerlijk.be\/index.php?rest_route=%2Fwp%2Fv2%2Fproduct_cat&post=6218"},{"taxonomy":"product_tag","embeddable":true,"href":"https:\/\/avlo-deerlijk.be\/index.php?rest_route=%2Fwp%2Fv2%2Fproduct_tag&post=6218"}],"curies":[{"name":"wp","href":"https:\/\/api.w.org\/{rel}","templated":true}]}}